{"id":17,"date":"2021-10-20T15:10:35","date_gmt":"2021-10-20T13:10:35","guid":{"rendered":"https:\/\/addcube.art\/store\/?post_type=product&#038;p=17"},"modified":"2022-09-12T09:50:05","modified_gmt":"2022-09-12T07:50:05","slug":"2-kostky","status":"publish","type":"product","link":"https:\/\/addcube.art\/store\/index.php\/produkt\/2-kostky\/","title":{"rendered":"2 kostky"},"content":{"rendered":"<p>P\u0159i koupi dvou\u00a0 kostek obdr\u017e\u00ed\u0161 BONUS \u010d.1 + BONUS \u010d.2\u00a0 (Bonus \u010d.1 znamen\u00e1, \u017ee dal\u0161\u00ed dv\u011b kostky budou vlo\u017eeny do cubevelu P\u0158\u00cdTEL. BONUS \u010d.2 je mo\u017enost druhou kostku darovat &#8211; vlastn\u00edkem se tedy stane n\u011bkdo jin\u00fd)<\/p>\n","protected":false},"excerpt":{"rendered":"<p>Dv\u011b kostky budou vlo\u017eeny do cubevelu CESTA s po\u0159adov\u00fdm \u010d\u00edsly podle p\u0159ijat\u00fdch objedn\u00e1vek + BONUS \u010d.1 a BONUS \u010d.2<\/p>\n","protected":false},"featured_media":26,"template":"","meta":[],"product_cat":[15],"product_tag":[],"_links":{"self":[{"href":"https:\/\/addcube.art\/store\/index.php\/wp-json\/wp\/v2\/product\/17"}],"collection":[{"href":"https:\/\/addcube.art\/store\/index.php\/wp-json\/wp\/v2\/product"}],"about":[{"href":"https:\/\/addcube.art\/store\/index.php\/wp-json\/wp\/v2\/types\/product"}],"wp:featuredmedia":[{"embeddable":true,"href":"https:\/\/addcube.art\/store\/index.php\/wp-json\/wp\/v2\/media\/26"}],"wp:attachment":[{"href":"https:\/\/addcube.art\/store\/index.php\/wp-json\/wp\/v2\/media?parent=17"}],"wp:term":[{"taxonomy":"product_cat","embeddable":true,"href":"https:\/\/addcube.art\/store\/index.php\/wp-json\/wp\/v2\/product_cat?post=17"},{"taxonomy":"product_tag","embeddable":true,"href":"https:\/\/addcube.art\/store\/index.php\/wp-json\/wp\/v2\/product_tag?post=17"}],"curies":[{"name":"wp","href":"https:\/\/api.w.org\/{rel}","templated":true}]}}